{"id":21,"date":"2023-02-10T12:35:52","date_gmt":"2023-02-10T12:35:52","guid":{"rendered":"https:\/\/ott-premium.net\/?page_id=21"},"modified":"2025-01-03T04:13:54","modified_gmt":"2025-01-03T03:13:54","slug":"politique-de-confidentialite-ott-premium","status":"publish","type":"page","link":"https:\/\/ott-premium.net\/iptv2\/politique-de-confidentialite-ott-premium\/","title":{"rendered":"Politique de Confidentialit\u00e9"},"content":{"rendered":"\t\t<div data-elementor-type=\"wp-page\" data-elementor-id=\"21\" class=\"elementor elementor-21\" data-elementor-post-type=\"page\">\n\t\t\t\t\t\t<section class=\"elementor-section elementor-top-section elementor-element elementor-element-ab9ab52 elementor-section-content-middle elementor-section-boxed elementor-section-height-default elementor-section-height-default\" data-id=\"ab9ab52\" data-element_type=\"section\" data-e-type=\"section\" data-settings=\"{&quot;background_background&quot;:&quot;gradient&quot;}\">\n\t\t\t\t\t\t<div class=\"elementor-container elementor-column-gap-no\">\n\t\t\t\t\t<div class=\"elementor-column elementor-col-50 elementor-top-column elementor-element elementor-element-5c4eef8\" data-id=\"5c4eef8\" data-element_type=\"column\" data-e-type=\"column\">\n\t\t\t<div class=\"elementor-widget-wrap elementor-element-populated\">\n\t\t\t\t\t\t<div class=\"elementor-element elementor-element-6cb1dd3 elementor-widget-divider--view-line elementor-widget elementor-widget-divider\" data-id=\"6cb1dd3\" data-element_type=\"widget\" data-e-type=\"widget\" data-widget_type=\"divider.default\">\n\t\t\t\t<div class=\"elementor-widget-container\">\n\t\t\t\t\t\t\t<div class=\"elementor-divider\">\n\t\t\t<span class=\"elementor-divider-separator\">\n\t\t\t\t\t\t<\/span>\n\t\t<\/div>\n\t\t\t\t\t\t<\/div>\n\t\t\t\t<\/div>\n\t\t\t\t<div class=\"elementor-element elementor-element-ddab2bd elementor-widget elementor-widget-heading\" data-id=\"ddab2bd\" data-element_type=\"widget\" data-e-type=\"widget\" data-widget_type=\"heading.default\">\n\t\t\t\t<div class=\"elementor-widget-container\">\n\t\t\t\t\t<h4 class=\"elementor-heading-title elementor-size-default\">Politique de OTT Premium<\/h4>\t\t\t\t<\/div>\n\t\t\t\t<\/div>\n\t\t\t\t<div class=\"elementor-element elementor-element-5ab523d elementor-widget-divider--view-line elementor-widget elementor-widget-divider\" data-id=\"5ab523d\" data-element_type=\"widget\" data-e-type=\"widget\" data-widget_type=\"divider.default\">\n\t\t\t\t<div class=\"elementor-widget-container\">\n\t\t\t\t\t\t\t<div class=\"elementor-divider\">\n\t\t\t<span class=\"elementor-divider-separator\">\n\t\t\t\t\t\t<\/span>\n\t\t<\/div>\n\t\t\t\t\t\t<\/div>\n\t\t\t\t<\/div>\n\t\t\t\t\t<\/div>\n\t\t<\/div>\n\t\t\t\t<div class=\"elementor-column elementor-col-50 elementor-top-column elementor-element elementor-element-bc73867\" data-id=\"bc73867\" data-element_type=\"column\" data-e-type=\"column\">\n\t\t\t<div class=\"elementor-widget-wrap elementor-element-populated\">\n\t\t\t\t\t\t<div class=\"elementor-element elementor-element-78e29d3 elementor-widget elementor-widget-text-editor\" data-id=\"78e29d3\" data-element_type=\"widget\" data-e-type=\"widget\" data-widget_type=\"text-editor.default\">\n\t\t\t\t<div class=\"elementor-widget-container\">\n\t\t\t\t\t\t\t\t\t<p><\/p>\n<p><a href=\"https:\/\/ott-premium.net\/\">OTT Premium<\/a> traite les informations des utilisateurs conform\u00e9ment aux termes de notre politique de confidentialit\u00e9, que vous acceptez en utilisant notre site web. Les cookies, qui sont de petits fichiers texte stock\u00e9s par votre navigateur lorsque vous acc\u00e9dez \u00e0 notre site, nous aident \u00e0 am\u00e9liorer la qualit\u00e9 et l&#8217;efficacit\u00e9 de notre site.<\/p>\n<p>Nous pouvons collecter des informations sur les pages que vous visitez et la dur\u00e9e de votre s\u00e9jour sur celles-ci afin d&#8217;optimiser notre site pour une meilleure exp\u00e9rience utilisateur. Nous utilisons ces informations pour augmenter la popularit\u00e9 de certaines pages et apporter les ajustements n\u00e9cessaires \u00e0 notre contenu. Dans de rares cas, nous pourrions \u00eatre amen\u00e9s par la loi \u00e0 divulguer certaines informations.<\/p>\n<p>Toutes les marques ou propri\u00e9t\u00e9s pr\u00e9sentes sur notre site appartiennent \u00e0 leurs propri\u00e9taires respectifs, et nous ne sommes pas affili\u00e9s \u00e0 eux.<\/p>\n<p>Nous prenons les mesures de s\u00e9curit\u00e9 appropri\u00e9es pour prot\u00e9ger vos informations personnelles et ne les partageons pas avec des tiers sans votre autorisation.<\/p>\n<p>Nous pouvons modifier notre politique de confidentialit\u00e9 \u00e0 tout moment sans pr\u00e9avis, et vous \u00eates li\u00e9 par la politique en vigueur au moment de l&#8217;utilisation des informations. Si vous avez des questions, n&#8217;h\u00e9sitez pas \u00e0 <a href=\"https:\/\/ott-premium.net\/ott-premium-contactez-nous\/\">nous contacter<\/a>.<\/p>\n<p>\u00a0<\/p>\n<p><\/p>\n<p><!-- \/wp:paragraph --><\/p>\t\t\t\t\t\t\t\t<\/div>\n\t\t\t\t<\/div>\n\t\t\t\t\t<\/div>\n\t\t<\/div>\n\t\t\t\t\t<\/div>\n\t\t<\/section>\n\t\t\t\t<\/div>\n\t\t","protected":false},"excerpt":{"rendered":"<p>Politique de OTT Premium OTT Premium traite les informations des utilisateurs conform\u00e9ment aux termes de notre politique de confidentialit\u00e9, que vous acceptez en utilisant notre site web. Les cookies, qui sont de petits fichiers texte stock\u00e9s par votre navigateur lorsque vous acc\u00e9dez \u00e0 notre site, nous aident \u00e0 am\u00e9liorer la qualit\u00e9 et l&#8217;efficacit\u00e9 de notre [&hellip;]<\/p>\n","protected":false},"author":13,"featured_media":0,"parent":0,"menu_order":0,"comment_status":"closed","ping_status":"closed","template":"","meta":{"two_page_speed":[],"footnotes":""},"class_list":["post-21","page","type-page","status-publish","hentry"],"jetpack_sharing_enabled":true,"_links":{"self":[{"href":"https:\/\/ott-premium.net\/iptv2\/wp-json\/wp\/v2\/pages\/21","targetHints":{"allow":["GET"]}}],"collection":[{"href":"https:\/\/ott-premium.net\/iptv2\/wp-json\/wp\/v2\/pages"}],"about":[{"href":"https:\/\/ott-premium.net\/iptv2\/wp-json\/wp\/v2\/types\/page"}],"author":[{"embeddable":true,"href":"https:\/\/ott-premium.net\/iptv2\/wp-json\/wp\/v2\/users\/13"}],"replies":[{"embeddable":true,"href":"https:\/\/ott-premium.net\/iptv2\/wp-json\/wp\/v2\/comments?post=21"}],"version-history":[{"count":0,"href":"https:\/\/ott-premium.net\/iptv2\/wp-json\/wp\/v2\/pages\/21\/revisions"}],"wp:attachment":[{"href":"https:\/\/ott-premium.net\/iptv2\/wp-json\/wp\/v2\/media?parent=21"}],"curies":[{"name":"wp","href":"https:\/\/api.w.org\/{rel}","templated":true}]}}